{"id":28,"date":"2016-02-17T18:14:35","date_gmt":"2016-02-17T18:14:35","guid":{"rendered":"http:\/\/mp-kanzlei.com\/?page_id=28"},"modified":"2016-02-17T18:38:24","modified_gmt":"2016-02-17T18:38:24","slug":"verwaltungsrecht","status":"publish","type":"page","link":"https:\/\/mp-kanzlei.com\/?page_id=28","title":{"rendered":"Verwaltungsrecht"},"content":{"rendered":"<p><em><strong>Rechtsanwalt Ulf Karpe verf\u00fcgt seit 2005 \u00fcber die Qualifikation zum Fachanwalt f\u00fcr Verwaltungsrecht.<\/strong><\/em><\/p>\n<p>Wir beraten Sie gern im gesamten Spektrum dieses Rechtsgebietes, insbesondere bei Problemen im Bereich<\/p>\n<ul>\n<li>Abwasserzweckverband \u2013 Anschlu\u00dfbeitr\u00e4ge<\/li>\n<li>Gemeinde \/ Kommune &#8211; Erschlie\u00dfungsbeitr\u00e4ge und Stra\u00dfenausbaubeitr\u00e4ge<\/li>\n<li>Baugenehmigung, Abri\u00dfverf\u00fcgung<\/li>\n<li>Erneuerbare Energien \u2013 Windenergie, Photovoltaik<\/li>\n<li>Energierecht<\/li>\n<li>Abfallrecht<\/li>\n<li>Immissionsschutzrecht<\/li>\n<li>Umweltrecht<\/li>\n<li>Fahrerlaubnis<\/li>\n<li>Waffenrecht<\/li>\n<\/ul>\n","protected":false},"excerpt":{"rendered":"<p>Rechtsanwalt Ulf Karpe verf\u00fcgt seit 2005 \u00fcber die Qualifikation zum Fachanwalt f\u00fcr Verwaltungsrecht. Wir beraten Sie gern im gesamten Spektrum dieses Rechtsgebietes, insbesondere bei Problemen im Bereich Abwasserzweckverband \u2013 Anschlu\u00dfbeitr\u00e4ge Gemeinde \/ Kommune &#8211; Erschlie\u00dfungsbeitr\u00e4ge und Stra\u00dfenausbaubeitr\u00e4ge Baugenehmigung, Abri\u00dfverf\u00fcgung Erneuerbare Energien \u2013 Windenergie, Photovoltaik Energierecht Abfallrecht Immissionsschutzrecht Umweltrecht Fahrerlaubnis Waffenrecht<\/p>\n","protected":false},"author":1,"featured_media":0,"parent":16,"menu_order":0,"comment_status":"closed","ping_status":"closed","template":"","meta":{"footnotes":""},"class_list":["post-28","page","type-page","status-publish","hentry"],"_links":{"self":[{"href":"https:\/\/mp-kanzlei.com\/index.php?rest_route=\/wp\/v2\/pages\/28","targetHints":{"allow":["GET"]}}],"collection":[{"href":"https:\/\/mp-kanzlei.com\/index.php?rest_route=\/wp\/v2\/pages"}],"about":[{"href":"https:\/\/mp-kanzlei.com\/index.php?rest_route=\/wp\/v2\/types\/page"}],"author":[{"embeddable":true,"href":"https:\/\/mp-kanzlei.com\/index.php?rest_route=\/wp\/v2\/users\/1"}],"replies":[{"embeddable":true,"href":"https:\/\/mp-kanzlei.com\/index.php?rest_route=%2Fwp%2Fv2%2Fcomments&post=28"}],"version-history":[{"count":1,"href":"https:\/\/mp-kanzlei.com\/index.php?rest_route=\/wp\/v2\/pages\/28\/revisions"}],"predecessor-version":[{"id":29,"href":"https:\/\/mp-kanzlei.com\/index.php?rest_route=\/wp\/v2\/pages\/28\/revisions\/29"}],"up":[{"embeddable":true,"href":"https:\/\/mp-kanzlei.com\/index.php?rest_route=\/wp\/v2\/pages\/16"}],"wp:attachment":[{"href":"https:\/\/mp-kanzlei.com\/index.php?rest_route=%2Fwp%2Fv2%2Fmedia&parent=28"}],"curies":[{"name":"wp","href":"https:\/\/api.w.org\/{rel}","templated":true}]}}